{"id":2182,"date":"2024-05-29T10:58:03","date_gmt":"2024-05-29T15:58:03","guid":{"rendered":"https:\/\/institutodelcorazon.com.pe?page_id=2182"},"modified":"2024-09-05T17:50:46","modified_gmt":"2024-09-05T22:50:46","slug":"electrofisiologia-cardiovascular","status":"publish","type":"page","link":"https:\/\/institutodelcorazon.com.pe\/index.php\/electrofisiologia-cardiovascular\/","title":{"rendered":"Electrofisiolog\u00eda Cardiovascular"},"content":{"rendered":"<p>[et_pb_section fb_built=\u00bb1&#8243; _builder_version=\u00bb4.24.2&#8243; _module_preset=\u00bbdefault\u00bb custom_padding=\u00bb12px|||||\u00bb da_disable_devices=\u00bboff|off|off\u00bb global_colors_info=\u00bb{}\u00bb da_is_popup=\u00bboff\u00bb da_exit_intent=\u00bboff\u00bb da_has_close=\u00bbon\u00bb da_alt_close=\u00bboff\u00bb da_dark_close=\u00bboff\u00bb da_not_modal=\u00bbon\u00bb da_is_singular=\u00bboff\u00bb da_with_loader=\u00bboff\u00bb da_has_shadow=\u00bbon\u00bb][et_pb_row _builder_version=\u00bb4.27.0&#8243; _module_preset=\u00bbdefault\u00bb width=\u00bb70%\u00bb width_tablet=\u00bb70%\u00bb width_phone=\u00bb90%\u00bb width_last_edited=\u00bbon|phone\u00bb max_width=\u00bb100%\u00bb global_colors_info=\u00bb{}\u00bb][et_pb_column type=\u00bb4_4&#8243; _builder_version=\u00bb4.27.0&#8243; _module_preset=\u00bbdefault\u00bb global_colors_info=\u00bb{}\u00bb][et_pb_text _builder_version=\u00bb4.27.0&#8243; _module_preset=\u00bbdefault\u00bb custom_margin=\u00bb||12px|||\u00bb global_colors_info=\u00bb{}\u00bb]<\/p>\n<h1>Electrofisiolog\u00eda Cardiovascular<\/h1>\n<p>[\/et_pb_text][et_pb_text _builder_version=\u00bb4.27.0&#8243; _module_preset=\u00bbdefault\u00bb global_colors_info=\u00bb{}\u00bb custom_margin=\u00bb||21px|||\u00bb]<\/p>\n<p><span>Para ello en esta especialidad\u00a0 contamos con los siguientes m\u00e9todos de diagn\u00f3stico y adem\u00e1s de tratamiento:Especialidad dedicada al estudio del sistema el\u00e9ctrico del coraz\u00f3n\u00a0 o sistema de conducci\u00f3n cardiaco. La electrofisiolog\u00eda cardiaca es una subespecialidad cl\u00ednica e intervencionista de la cardiolog\u00eda que se encarga del estudio, diagn\u00f3stico y tratamiento de los trastornos del ritmo cardiaco o arritmias.<\/span><\/p>\n<p>[\/et_pb_text][et_pb_text _builder_version=\u00bb4.27.0&#8243; _module_preset=\u00bbdefault\u00bb custom_margin=\u00bb||10px|||\u00bb hover_enabled=\u00bb0&#8243; global_colors_info=\u00bb{}\u00bb sticky_enabled=\u00bb0&#8243;]<\/p>\n<h2>Estudio Electrofisiol\u00f3gico<\/h2>\n<p>[\/et_pb_text][et_pb_text _builder_version=\u00bb4.27.0&#8243; _module_preset=\u00bbdefault\u00bb custom_margin=\u00bb||8px|||\u00bb global_colors_info=\u00bb{}\u00bb]<\/p>\n<p><span>Como su nombre lo indica es\u00a0 un examen que sirve para estudiar el sistema el\u00e9ctrico del coraz\u00f3n. Muy \u00fatil para\u00a0 diagn\u00f3stico y manejo de arritmias complejas, as\u00ed mismo es posible la realizaci\u00f3n de:<\/span><\/p>\n<p>[\/et_pb_text][et_pb_text _builder_version=\u00bb4.27.0&#8243; _module_preset=\u00bbdefault\u00bb global_colors_info=\u00bb{}\u00bb]<\/p>\n<ul>\n<li>Colocaci\u00f3n de Marcapasos<\/li>\n<li>Instalaci\u00f3n de Cardiodesfibriladores<\/li>\n<li>Terapia de Ablaci\u00f3n<\/li>\n<li>Re-sincronizaci\u00f3n Cardiaca.<\/li>\n<li>Entre otros<\/li>\n<\/ul>\n<p>[\/et_pb_text][\/et_pb_column][\/et_pb_row][\/et_pb_section]<\/p>\n","protected":false},"excerpt":{"rendered":"<p>Electrofisiolog\u00eda CardiovascularPara ello en esta especialidad\u00a0 contamos con los siguientes m\u00e9todos de diagn\u00f3stico y adem\u00e1s de tratamiento:Especialidad dedicada al estudio del sistema el\u00e9ctrico del coraz\u00f3n\u00a0 o sistema de conducci\u00f3n cardiaco. La electrofisiolog\u00eda cardiaca es una subespecialidad cl\u00ednica e intervencionista de la cardiolog\u00eda que se encarga del estudio, diagn\u00f3stico y tratamiento de los trastornos del ritmo cardiaco o arritmias.Estudio Electrofisiol\u00f3gicoComo su nombre lo indica es\u00a0 un examen que sirve para estudiar el sistema el\u00e9ctrico del coraz\u00f3n. Muy \u00fatil para\u00a0 diagn\u00f3stico y manejo de arritmias complejas, as\u00ed mismo es posible la realizaci\u00f3n de: Colocaci\u00f3n de Marcapasos Instalaci\u00f3n de Cardiodesfibriladores Terapia de Ablaci\u00f3n Re-sincronizaci\u00f3n Cardiaca. Entre otros<\/p>\n","protected":false},"author":1,"featured_media":0,"parent":0,"menu_order":0,"comment_status":"closed","ping_status":"closed","template":"","meta":{"_et_pb_use_builder":"on","_et_pb_old_content":"","_et_gb_content_width":"","footnotes":""},"class_list":["post-2182","page","type-page","status-publish","hentry"],"yoast_head":"<!-- This site is optimized with the Yoast SEO plugin v26.8 - https:\/\/yoast.com\/product\/yoast-seo-wordpress\/ -->\n<title>Electrofisiolog\u00eda Cardiovascular | Instituto del Coraz\u00f3n - San Pablo<\/title>\n<meta name=\"robots\" content=\"index, follow, max-snippet:-1, max-image-preview:large, max-video-preview:-1\" \/>\n<link rel=\"canonical\" href=\"https:\/\/institutodelcorazon.com.pe\/index.php\/electrofisiologia-cardiovascular\/\" \/>\n<meta property=\"og:locale\" content=\"es_ES\" \/>\n<meta property=\"og:type\" content=\"article\" \/>\n<meta property=\"og:title\" content=\"Electrofisiolog\u00eda Cardiovascular | Instituto del Coraz\u00f3n - San Pablo\" \/>\n<meta property=\"og:description\" content=\"Electrofisiolog\u00eda CardiovascularPara ello en esta especialidad\u00a0 contamos con los siguientes m\u00e9todos de diagn\u00f3stico y adem\u00e1s de tratamiento:Especialidad dedicada al estudio del sistema el\u00e9ctrico del coraz\u00f3n\u00a0 o sistema de conducci\u00f3n cardiaco. La electrofisiolog\u00eda cardiaca es una subespecialidad cl\u00ednica e intervencionista de la cardiolog\u00eda que se encarga del estudio, diagn\u00f3stico y tratamiento de los trastornos del ritmo cardiaco o arritmias.Estudio Electrofisiol\u00f3gicoComo su nombre lo indica es\u00a0 un examen que sirve para estudiar el sistema el\u00e9ctrico del coraz\u00f3n. Muy \u00fatil para\u00a0 diagn\u00f3stico y manejo de arritmias complejas, as\u00ed mismo es posible la realizaci\u00f3n de: Colocaci\u00f3n de Marcapasos Instalaci\u00f3n de Cardiodesfibriladores Terapia de Ablaci\u00f3n Re-sincronizaci\u00f3n Cardiaca. Entre otros\" \/>\n<meta property=\"og:url\" content=\"https:\/\/institutodelcorazon.com.pe\/index.php\/electrofisiologia-cardiovascular\/\" \/>\n<meta property=\"og:site_name\" content=\"Instituto del Coraz\u00f3n - San Pablo\" \/>\n<meta property=\"article:publisher\" content=\"https:\/\/www.facebook.com\/clinicasantamarthadelsur\/\" \/>\n<meta property=\"article:modified_time\" content=\"2024-09-05T22:50:46+00:00\" \/>\n<meta name=\"twitter:card\" content=\"summary_large_image\" \/>\n<meta name=\"twitter:label1\" content=\"Tiempo de lectura\" \/>\n\t<meta name=\"twitter:data1\" content=\"2 minutos\" \/>\n<script type=\"application\/ld+json\" class=\"yoast-schema-graph\">{\"@context\":\"https:\/\/schema.org\",\"@graph\":[{\"@type\":\"WebPage\",\"@id\":\"https:\/\/institutodelcorazon.com.pe\/index.php\/electrofisiologia-cardiovascular\/\",\"url\":\"https:\/\/institutodelcorazon.com.pe\/index.php\/electrofisiologia-cardiovascular\/\",\"name\":\"Electrofisiolog\u00eda Cardiovascular | Instituto del Coraz\u00f3n - San Pablo\",\"isPartOf\":{\"@id\":\"https:\/\/institutodelcorazon.com.pe\/#website\"},\"datePublished\":\"2024-05-29T15:58:03+00:00\",\"dateModified\":\"2024-09-05T22:50:46+00:00\",\"breadcrumb\":{\"@id\":\"https:\/\/institutodelcorazon.com.pe\/index.php\/electrofisiologia-cardiovascular\/#breadcrumb\"},\"inLanguage\":\"es\",\"potentialAction\":[{\"@type\":\"ReadAction\",\"target\":[\"https:\/\/institutodelcorazon.com.pe\/index.php\/electrofisiologia-cardiovascular\/\"]}]},{\"@type\":\"BreadcrumbList\",\"@id\":\"https:\/\/institutodelcorazon.com.pe\/index.php\/electrofisiologia-cardiovascular\/#breadcrumb\",\"itemListElement\":[{\"@type\":\"ListItem\",\"position\":1,\"name\":\"Portada\",\"item\":\"https:\/\/institutodelcorazon.com.pe\/\"},{\"@type\":\"ListItem\",\"position\":2,\"name\":\"Electrofisiolog\u00eda Cardiovascular\"}]},{\"@type\":\"WebSite\",\"@id\":\"https:\/\/institutodelcorazon.com.pe\/#website\",\"url\":\"https:\/\/institutodelcorazon.com.pe\/\",\"name\":\"Instituto del Coraz\u00f3n - San Pablo\",\"description\":\"\",\"publisher\":{\"@id\":\"https:\/\/institutodelcorazon.com.pe\/#organization\"},\"potentialAction\":[{\"@type\":\"SearchAction\",\"target\":{\"@type\":\"EntryPoint\",\"urlTemplate\":\"https:\/\/institutodelcorazon.com.pe\/?s={search_term_string}\"},\"query-input\":{\"@type\":\"PropertyValueSpecification\",\"valueRequired\":true,\"valueName\":\"search_term_string\"}}],\"inLanguage\":\"es\"},{\"@type\":\"Organization\",\"@id\":\"https:\/\/institutodelcorazon.com.pe\/#organization\",\"name\":\"Cl\u00ednica Santa Martha del Sur\",\"url\":\"https:\/\/institutodelcorazon.com.pe\/\",\"logo\":{\"@type\":\"ImageObject\",\"inLanguage\":\"es\",\"@id\":\"https:\/\/institutodelcorazon.com.pe\/#\/schema\/logo\/image\/\",\"url\":\"\",\"contentUrl\":\"\",\"caption\":\"Cl\u00ednica Santa Martha del Sur\"},\"image\":{\"@id\":\"https:\/\/institutodelcorazon.com.pe\/#\/schema\/logo\/image\/\"},\"sameAs\":[\"https:\/\/www.facebook.com\/clinicasantamarthadelsur\/\",\"https:\/\/www.instagram.com\/red_sanpablo\/\",\"https:\/\/www.youtube.com\/@red_sanpablo\",\"https:\/\/www.tiktok.com\/@saludsanpablo\"]}]}<\/script>\n<!-- \/ Yoast SEO plugin. -->","yoast_head_json":{"title":"Electrofisiolog\u00eda Cardiovascular | Instituto del Coraz\u00f3n - San Pablo","robots":{"index":"index","follow":"follow","max-snippet":"max-snippet:-1","max-image-preview":"max-image-preview:large","max-video-preview":"max-video-preview:-1"},"canonical":"https:\/\/institutodelcorazon.com.pe\/index.php\/electrofisiologia-cardiovascular\/","og_locale":"es_ES","og_type":"article","og_title":"Electrofisiolog\u00eda Cardiovascular | Instituto del Coraz\u00f3n - San Pablo","og_description":"Electrofisiolog\u00eda CardiovascularPara ello en esta especialidad\u00a0 contamos con los siguientes m\u00e9todos de diagn\u00f3stico y adem\u00e1s de tratamiento:Especialidad dedicada al estudio del sistema el\u00e9ctrico del coraz\u00f3n\u00a0 o sistema de conducci\u00f3n cardiaco. La electrofisiolog\u00eda cardiaca es una subespecialidad cl\u00ednica e intervencionista de la cardiolog\u00eda que se encarga del estudio, diagn\u00f3stico y tratamiento de los trastornos del ritmo cardiaco o arritmias.Estudio Electrofisiol\u00f3gicoComo su nombre lo indica es\u00a0 un examen que sirve para estudiar el sistema el\u00e9ctrico del coraz\u00f3n. Muy \u00fatil para\u00a0 diagn\u00f3stico y manejo de arritmias complejas, as\u00ed mismo es posible la realizaci\u00f3n de: Colocaci\u00f3n de Marcapasos Instalaci\u00f3n de Cardiodesfibriladores Terapia de Ablaci\u00f3n Re-sincronizaci\u00f3n Cardiaca. Entre otros","og_url":"https:\/\/institutodelcorazon.com.pe\/index.php\/electrofisiologia-cardiovascular\/","og_site_name":"Instituto del Coraz\u00f3n - San Pablo","article_publisher":"https:\/\/www.facebook.com\/clinicasantamarthadelsur\/","article_modified_time":"2024-09-05T22:50:46+00:00","twitter_card":"summary_large_image","twitter_misc":{"Tiempo de lectura":"2 minutos"},"schema":{"@context":"https:\/\/schema.org","@graph":[{"@type":"WebPage","@id":"https:\/\/institutodelcorazon.com.pe\/index.php\/electrofisiologia-cardiovascular\/","url":"https:\/\/institutodelcorazon.com.pe\/index.php\/electrofisiologia-cardiovascular\/","name":"Electrofisiolog\u00eda Cardiovascular | Instituto del Coraz\u00f3n - San Pablo","isPartOf":{"@id":"https:\/\/institutodelcorazon.com.pe\/#website"},"datePublished":"2024-05-29T15:58:03+00:00","dateModified":"2024-09-05T22:50:46+00:00","breadcrumb":{"@id":"https:\/\/institutodelcorazon.com.pe\/index.php\/electrofisiologia-cardiovascular\/#breadcrumb"},"inLanguage":"es","potentialAction":[{"@type":"ReadAction","target":["https:\/\/institutodelcorazon.com.pe\/index.php\/electrofisiologia-cardiovascular\/"]}]},{"@type":"BreadcrumbList","@id":"https:\/\/institutodelcorazon.com.pe\/index.php\/electrofisiologia-cardiovascular\/#breadcrumb","itemListElement":[{"@type":"ListItem","position":1,"name":"Portada","item":"https:\/\/institutodelcorazon.com.pe\/"},{"@type":"ListItem","position":2,"name":"Electrofisiolog\u00eda Cardiovascular"}]},{"@type":"WebSite","@id":"https:\/\/institutodelcorazon.com.pe\/#website","url":"https:\/\/institutodelcorazon.com.pe\/","name":"Instituto del Coraz\u00f3n - San Pablo","description":"","publisher":{"@id":"https:\/\/institutodelcorazon.com.pe\/#organization"},"potentialAction":[{"@type":"SearchAction","target":{"@type":"EntryPoint","urlTemplate":"https:\/\/institutodelcorazon.com.pe\/?s={search_term_string}"},"query-input":{"@type":"PropertyValueSpecification","valueRequired":true,"valueName":"search_term_string"}}],"inLanguage":"es"},{"@type":"Organization","@id":"https:\/\/institutodelcorazon.com.pe\/#organization","name":"Cl\u00ednica Santa Martha del Sur","url":"https:\/\/institutodelcorazon.com.pe\/","logo":{"@type":"ImageObject","inLanguage":"es","@id":"https:\/\/institutodelcorazon.com.pe\/#\/schema\/logo\/image\/","url":"","contentUrl":"","caption":"Cl\u00ednica Santa Martha del Sur"},"image":{"@id":"https:\/\/institutodelcorazon.com.pe\/#\/schema\/logo\/image\/"},"sameAs":["https:\/\/www.facebook.com\/clinicasantamarthadelsur\/","https:\/\/www.instagram.com\/red_sanpablo\/","https:\/\/www.youtube.com\/@red_sanpablo","https:\/\/www.tiktok.com\/@saludsanpablo"]}]}},"_links":{"self":[{"href":"https:\/\/institutodelcorazon.com.pe\/index.php\/wp-json\/wp\/v2\/pages\/2182","targetHints":{"allow":["GET"]}}],"collection":[{"href":"https:\/\/institutodelcorazon.com.pe\/index.php\/wp-json\/wp\/v2\/pages"}],"about":[{"href":"https:\/\/institutodelcorazon.com.pe\/index.php\/wp-json\/wp\/v2\/types\/page"}],"author":[{"embeddable":true,"href":"https:\/\/institutodelcorazon.com.pe\/index.php\/wp-json\/wp\/v2\/users\/1"}],"replies":[{"embeddable":true,"href":"https:\/\/institutodelcorazon.com.pe\/index.php\/wp-json\/wp\/v2\/comments?post=2182"}],"version-history":[{"count":12,"href":"https:\/\/institutodelcorazon.com.pe\/index.php\/wp-json\/wp\/v2\/pages\/2182\/revisions"}],"predecessor-version":[{"id":3989,"href":"https:\/\/institutodelcorazon.com.pe\/index.php\/wp-json\/wp\/v2\/pages\/2182\/revisions\/3989"}],"wp:attachment":[{"href":"https:\/\/institutodelcorazon.com.pe\/index.php\/wp-json\/wp\/v2\/media?parent=2182"}],"curies":[{"name":"wp","href":"https:\/\/api.w.org\/{rel}","templated":true}]}}