{"id":2151,"date":"2024-05-29T09:22:43","date_gmt":"2024-05-29T14:22:43","guid":{"rendered":"https:\/\/institutodelcorazon.com.pe?page_id=2151"},"modified":"2024-09-05T17:26:54","modified_gmt":"2024-09-05T22:26:54","slug":"cardiologia-clinica-e-intensiva","status":"publish","type":"page","link":"https:\/\/institutodelcorazon.com.pe\/index.php\/cardiologia-clinica-e-intensiva\/","title":{"rendered":"Cardiolog\u00eda Cl\u00ednica e Intensiva"},"content":{"rendered":"<p>[et_pb_section fb_built=\u00bb1&#8243; _builder_version=\u00bb4.24.2&#8243; _module_preset=\u00bbdefault\u00bb custom_padding=\u00bb12px|||||\u00bb da_disable_devices=\u00bboff|off|off\u00bb global_colors_info=\u00bb{}\u00bb da_is_popup=\u00bboff\u00bb da_exit_intent=\u00bboff\u00bb da_has_close=\u00bbon\u00bb da_alt_close=\u00bboff\u00bb da_dark_close=\u00bboff\u00bb da_not_modal=\u00bbon\u00bb da_is_singular=\u00bboff\u00bb da_with_loader=\u00bboff\u00bb da_has_shadow=\u00bbon\u00bb][et_pb_row _builder_version=\u00bb4.27.0&#8243; _module_preset=\u00bbdefault\u00bb width=\u00bb70%\u00bb width_tablet=\u00bb70%\u00bb width_phone=\u00bb90%\u00bb width_last_edited=\u00bbon|phone\u00bb max_width=\u00bb100%\u00bb global_colors_info=\u00bb{}\u00bb][et_pb_column type=\u00bb4_4&#8243; _builder_version=\u00bb4.27.0&#8243; _module_preset=\u00bbdefault\u00bb global_colors_info=\u00bb{}\u00bb][et_pb_text _builder_version=\u00bb4.27.0&#8243; _module_preset=\u00bbdefault\u00bb global_colors_info=\u00bb{}\u00bb custom_margin=\u00bb||9px|||\u00bb]<\/p>\n<h1>Cardiolog\u00eda Cl\u00ednica e Intensiva<\/h1>\n<p>[\/et_pb_text][et_pb_text _builder_version=\u00bb4.27.0&#8243; _module_preset=\u00bbdefault\u00bb global_colors_info=\u00bb{}\u00bb custom_margin=\u00bb||16px|||\u00bb]<\/p>\n<p><span>Los cardi\u00f3logos son m\u00e9dicos que se especializan en el diagn\u00f3stico y tratamiento de las enfermedades del coraz\u00f3n y los vasos sangu\u00edneos: el aparato cardiovascular. Tambi\u00e9n se puede consultar a un cardi\u00f3logo para saber m\u00e1s sobre los factores de riesgo cardiovascular y averiguar las medidas que pueden tomarse para mejorar la salud cardiovascular.<\/span><\/p>\n<p>[\/et_pb_text][et_pb_text _builder_version=\u00bb4.27.0&#8243; _module_preset=\u00bbdefault\u00bb global_colors_info=\u00bb{}\u00bb]<\/p>\n<p><span>En la\u00a0<\/span><strong>Asociaci\u00f3n Instituto del Coraz\u00f3n San Pablo<\/strong><span>\u00a0nos encargamos de la atenci\u00f3n de los pacientes con enfermedades card\u00edacas que comprometen la vida y salud de los pacientes, como por ejemplo entre los m\u00e1s frecuentes tenemos: Cardiopat\u00eda Coronaria (con s\u00edndrome coronario agudo\u00a0 sea como Infarto agudo de Miocardio, Angina Inestable, angina estable) Hipertensi\u00f3n Arterial, enfermedades del pericardio, Arritmias, Endocarditis\u00a0 en todas sus formas Miocarditis o cualquier miocardiopat\u00eda, enfermedades que afectan las v\u00e1lvulas del Coraz\u00f3n, Fiebre Reum\u00e1tica\u00a0 u otras enfermedades que da\u00f1an el coraz\u00f3n\u00a0 enfermedades de los vasos sangu\u00edneos como por ejemplo Arteritis, enfermedad arterial Obstructiva, insuficiencia venosa\u00a0 por lo tanto, el conocimiento fisiopatol\u00f3gico, m\u00e9todos de diagn\u00f3stico y opciones de tratamiento es esencial para el diagn\u00f3stico y el enfoque del tratamiento.<\/span><\/p>\n<p>[\/et_pb_text][\/et_pb_column][\/et_pb_row][\/et_pb_section]<\/p>\n","protected":false},"excerpt":{"rendered":"<p>Cardiolog\u00eda Cl\u00ednica e IntensivaLos cardi\u00f3logos son m\u00e9dicos que se especializan en el diagn\u00f3stico y tratamiento de las enfermedades del coraz\u00f3n y los vasos sangu\u00edneos: el aparato cardiovascular. Tambi\u00e9n se puede consultar a un cardi\u00f3logo para saber m\u00e1s sobre los factores de riesgo cardiovascular y averiguar las medidas que pueden tomarse para mejorar la salud cardiovascular.En la\u00a0Asociaci\u00f3n Instituto del Coraz\u00f3n San Pablo\u00a0nos encargamos de la atenci\u00f3n de los pacientes con enfermedades card\u00edacas que comprometen la vida y salud de los pacientes, como por ejemplo entre los m\u00e1s frecuentes tenemos: Cardiopat\u00eda Coronaria (con s\u00edndrome coronario agudo\u00a0 sea como Infarto agudo de Miocardio, Angina Inestable, angina estable) Hipertensi\u00f3n Arterial, enfermedades del pericardio, Arritmias, Endocarditis\u00a0 en todas sus formas Miocarditis o cualquier miocardiopat\u00eda, enfermedades que afectan las v\u00e1lvulas del Coraz\u00f3n, Fiebre Reum\u00e1tica\u00a0 u otras enfermedades que da\u00f1an el coraz\u00f3n\u00a0 enfermedades de los vasos sangu\u00edneos como por ejemplo Arteritis, enfermedad arterial Obstructiva, insuficiencia venosa\u00a0 por lo tanto, el conocimiento fisiopatol\u00f3gico, m\u00e9todos de diagn\u00f3stico y opciones de tratamiento es esencial para el diagn\u00f3stico y el enfoque del tratamiento.<\/p>\n","protected":false},"author":1,"featured_media":0,"parent":0,"menu_order":0,"comment_status":"closed","ping_status":"closed","template":"","meta":{"_et_pb_use_builder":"on","_et_pb_old_content":"","_et_gb_content_width":"","footnotes":""},"class_list":["post-2151","page","type-page","status-publish","hentry"],"yoast_head":"<!-- This site is optimized with the Yoast SEO plugin v26.8 - https:\/\/yoast.com\/product\/yoast-seo-wordpress\/ -->\n<title>Cardiolog\u00eda Cl\u00ednica e Intensiva | Instituto del Coraz\u00f3n - San Pablo<\/title>\n<meta name=\"robots\" content=\"index, follow, max-snippet:-1, max-image-preview:large, max-video-preview:-1\" \/>\n<link rel=\"canonical\" href=\"https:\/\/institutodelcorazon.com.pe\/index.php\/cardiologia-clinica-e-intensiva\/\" \/>\n<meta property=\"og:locale\" content=\"es_ES\" \/>\n<meta property=\"og:type\" content=\"article\" \/>\n<meta property=\"og:title\" content=\"Cardiolog\u00eda Cl\u00ednica e Intensiva | Instituto del Coraz\u00f3n - San Pablo\" \/>\n<meta property=\"og:description\" content=\"Cardiolog\u00eda Cl\u00ednica e IntensivaLos cardi\u00f3logos son m\u00e9dicos que se especializan en el diagn\u00f3stico y tratamiento de las enfermedades del coraz\u00f3n y los vasos sangu\u00edneos: el aparato cardiovascular. Tambi\u00e9n se puede consultar a un cardi\u00f3logo para saber m\u00e1s sobre los factores de riesgo cardiovascular y averiguar las medidas que pueden tomarse para mejorar la salud cardiovascular.En la\u00a0Asociaci\u00f3n Instituto del Coraz\u00f3n San Pablo\u00a0nos encargamos de la atenci\u00f3n de los pacientes con enfermedades card\u00edacas que comprometen la vida y salud de los pacientes, como por ejemplo entre los m\u00e1s frecuentes tenemos: Cardiopat\u00eda Coronaria (con s\u00edndrome coronario agudo\u00a0 sea como Infarto agudo de Miocardio, Angina Inestable, angina estable) Hipertensi\u00f3n Arterial, enfermedades del pericardio, Arritmias, Endocarditis\u00a0 en todas sus formas Miocarditis o cualquier miocardiopat\u00eda, enfermedades que afectan las v\u00e1lvulas del Coraz\u00f3n, Fiebre Reum\u00e1tica\u00a0 u otras enfermedades que da\u00f1an el coraz\u00f3n\u00a0 enfermedades de los vasos sangu\u00edneos como por ejemplo Arteritis, enfermedad arterial Obstructiva, insuficiencia venosa\u00a0 por lo tanto, el conocimiento fisiopatol\u00f3gico, m\u00e9todos de diagn\u00f3stico y opciones de tratamiento es esencial para el diagn\u00f3stico y el enfoque del tratamiento.\" \/>\n<meta property=\"og:url\" content=\"https:\/\/institutodelcorazon.com.pe\/index.php\/cardiologia-clinica-e-intensiva\/\" \/>\n<meta property=\"og:site_name\" content=\"Instituto del Coraz\u00f3n - San Pablo\" \/>\n<meta property=\"article:publisher\" content=\"https:\/\/www.facebook.com\/clinicasantamarthadelsur\/\" \/>\n<meta property=\"article:modified_time\" content=\"2024-09-05T22:26:54+00:00\" \/>\n<meta name=\"twitter:card\" content=\"summary_large_image\" \/>\n<meta name=\"twitter:label1\" content=\"Tiempo de lectura\" \/>\n\t<meta name=\"twitter:data1\" content=\"2 minutos\" \/>\n<script type=\"application\/ld+json\" class=\"yoast-schema-graph\">{\"@context\":\"https:\/\/schema.org\",\"@graph\":[{\"@type\":\"WebPage\",\"@id\":\"https:\/\/institutodelcorazon.com.pe\/index.php\/cardiologia-clinica-e-intensiva\/\",\"url\":\"https:\/\/institutodelcorazon.com.pe\/index.php\/cardiologia-clinica-e-intensiva\/\",\"name\":\"Cardiolog\u00eda Cl\u00ednica e Intensiva | Instituto del Coraz\u00f3n - San Pablo\",\"isPartOf\":{\"@id\":\"https:\/\/institutodelcorazon.com.pe\/#website\"},\"datePublished\":\"2024-05-29T14:22:43+00:00\",\"dateModified\":\"2024-09-05T22:26:54+00:00\",\"breadcrumb\":{\"@id\":\"https:\/\/institutodelcorazon.com.pe\/index.php\/cardiologia-clinica-e-intensiva\/#breadcrumb\"},\"inLanguage\":\"es\",\"potentialAction\":[{\"@type\":\"ReadAction\",\"target\":[\"https:\/\/institutodelcorazon.com.pe\/index.php\/cardiologia-clinica-e-intensiva\/\"]}]},{\"@type\":\"BreadcrumbList\",\"@id\":\"https:\/\/institutodelcorazon.com.pe\/index.php\/cardiologia-clinica-e-intensiva\/#breadcrumb\",\"itemListElement\":[{\"@type\":\"ListItem\",\"position\":1,\"name\":\"Portada\",\"item\":\"https:\/\/institutodelcorazon.com.pe\/\"},{\"@type\":\"ListItem\",\"position\":2,\"name\":\"Cardiolog\u00eda Cl\u00ednica e Intensiva\"}]},{\"@type\":\"WebSite\",\"@id\":\"https:\/\/institutodelcorazon.com.pe\/#website\",\"url\":\"https:\/\/institutodelcorazon.com.pe\/\",\"name\":\"Instituto del Coraz\u00f3n - San Pablo\",\"description\":\"\",\"publisher\":{\"@id\":\"https:\/\/institutodelcorazon.com.pe\/#organization\"},\"potentialAction\":[{\"@type\":\"SearchAction\",\"target\":{\"@type\":\"EntryPoint\",\"urlTemplate\":\"https:\/\/institutodelcorazon.com.pe\/?s={search_term_string}\"},\"query-input\":{\"@type\":\"PropertyValueSpecification\",\"valueRequired\":true,\"valueName\":\"search_term_string\"}}],\"inLanguage\":\"es\"},{\"@type\":\"Organization\",\"@id\":\"https:\/\/institutodelcorazon.com.pe\/#organization\",\"name\":\"Cl\u00ednica Santa Martha del Sur\",\"url\":\"https:\/\/institutodelcorazon.com.pe\/\",\"logo\":{\"@type\":\"ImageObject\",\"inLanguage\":\"es\",\"@id\":\"https:\/\/institutodelcorazon.com.pe\/#\/schema\/logo\/image\/\",\"url\":\"\",\"contentUrl\":\"\",\"caption\":\"Cl\u00ednica Santa Martha del Sur\"},\"image\":{\"@id\":\"https:\/\/institutodelcorazon.com.pe\/#\/schema\/logo\/image\/\"},\"sameAs\":[\"https:\/\/www.facebook.com\/clinicasantamarthadelsur\/\",\"https:\/\/www.instagram.com\/red_sanpablo\/\",\"https:\/\/www.youtube.com\/@red_sanpablo\",\"https:\/\/www.tiktok.com\/@saludsanpablo\"]}]}<\/script>\n<!-- \/ Yoast SEO plugin. -->","yoast_head_json":{"title":"Cardiolog\u00eda Cl\u00ednica e Intensiva | Instituto del Coraz\u00f3n - San Pablo","robots":{"index":"index","follow":"follow","max-snippet":"max-snippet:-1","max-image-preview":"max-image-preview:large","max-video-preview":"max-video-preview:-1"},"canonical":"https:\/\/institutodelcorazon.com.pe\/index.php\/cardiologia-clinica-e-intensiva\/","og_locale":"es_ES","og_type":"article","og_title":"Cardiolog\u00eda Cl\u00ednica e Intensiva | Instituto del Coraz\u00f3n - San Pablo","og_description":"Cardiolog\u00eda Cl\u00ednica e IntensivaLos cardi\u00f3logos son m\u00e9dicos que se especializan en el diagn\u00f3stico y tratamiento de las enfermedades del coraz\u00f3n y los vasos sangu\u00edneos: el aparato cardiovascular. Tambi\u00e9n se puede consultar a un cardi\u00f3logo para saber m\u00e1s sobre los factores de riesgo cardiovascular y averiguar las medidas que pueden tomarse para mejorar la salud cardiovascular.En la\u00a0Asociaci\u00f3n Instituto del Coraz\u00f3n San Pablo\u00a0nos encargamos de la atenci\u00f3n de los pacientes con enfermedades card\u00edacas que comprometen la vida y salud de los pacientes, como por ejemplo entre los m\u00e1s frecuentes tenemos: Cardiopat\u00eda Coronaria (con s\u00edndrome coronario agudo\u00a0 sea como Infarto agudo de Miocardio, Angina Inestable, angina estable) Hipertensi\u00f3n Arterial, enfermedades del pericardio, Arritmias, Endocarditis\u00a0 en todas sus formas Miocarditis o cualquier miocardiopat\u00eda, enfermedades que afectan las v\u00e1lvulas del Coraz\u00f3n, Fiebre Reum\u00e1tica\u00a0 u otras enfermedades que da\u00f1an el coraz\u00f3n\u00a0 enfermedades de los vasos sangu\u00edneos como por ejemplo Arteritis, enfermedad arterial Obstructiva, insuficiencia venosa\u00a0 por lo tanto, el conocimiento fisiopatol\u00f3gico, m\u00e9todos de diagn\u00f3stico y opciones de tratamiento es esencial para el diagn\u00f3stico y el enfoque del tratamiento.","og_url":"https:\/\/institutodelcorazon.com.pe\/index.php\/cardiologia-clinica-e-intensiva\/","og_site_name":"Instituto del Coraz\u00f3n - San Pablo","article_publisher":"https:\/\/www.facebook.com\/clinicasantamarthadelsur\/","article_modified_time":"2024-09-05T22:26:54+00:00","twitter_card":"summary_large_image","twitter_misc":{"Tiempo de lectura":"2 minutos"},"schema":{"@context":"https:\/\/schema.org","@graph":[{"@type":"WebPage","@id":"https:\/\/institutodelcorazon.com.pe\/index.php\/cardiologia-clinica-e-intensiva\/","url":"https:\/\/institutodelcorazon.com.pe\/index.php\/cardiologia-clinica-e-intensiva\/","name":"Cardiolog\u00eda Cl\u00ednica e Intensiva | Instituto del Coraz\u00f3n - San Pablo","isPartOf":{"@id":"https:\/\/institutodelcorazon.com.pe\/#website"},"datePublished":"2024-05-29T14:22:43+00:00","dateModified":"2024-09-05T22:26:54+00:00","breadcrumb":{"@id":"https:\/\/institutodelcorazon.com.pe\/index.php\/cardiologia-clinica-e-intensiva\/#breadcrumb"},"inLanguage":"es","potentialAction":[{"@type":"ReadAction","target":["https:\/\/institutodelcorazon.com.pe\/index.php\/cardiologia-clinica-e-intensiva\/"]}]},{"@type":"BreadcrumbList","@id":"https:\/\/institutodelcorazon.com.pe\/index.php\/cardiologia-clinica-e-intensiva\/#breadcrumb","itemListElement":[{"@type":"ListItem","position":1,"name":"Portada","item":"https:\/\/institutodelcorazon.com.pe\/"},{"@type":"ListItem","position":2,"name":"Cardiolog\u00eda Cl\u00ednica e Intensiva"}]},{"@type":"WebSite","@id":"https:\/\/institutodelcorazon.com.pe\/#website","url":"https:\/\/institutodelcorazon.com.pe\/","name":"Instituto del Coraz\u00f3n - San Pablo","description":"","publisher":{"@id":"https:\/\/institutodelcorazon.com.pe\/#organization"},"potentialAction":[{"@type":"SearchAction","target":{"@type":"EntryPoint","urlTemplate":"https:\/\/institutodelcorazon.com.pe\/?s={search_term_string}"},"query-input":{"@type":"PropertyValueSpecification","valueRequired":true,"valueName":"search_term_string"}}],"inLanguage":"es"},{"@type":"Organization","@id":"https:\/\/institutodelcorazon.com.pe\/#organization","name":"Cl\u00ednica Santa Martha del Sur","url":"https:\/\/institutodelcorazon.com.pe\/","logo":{"@type":"ImageObject","inLanguage":"es","@id":"https:\/\/institutodelcorazon.com.pe\/#\/schema\/logo\/image\/","url":"","contentUrl":"","caption":"Cl\u00ednica Santa Martha del Sur"},"image":{"@id":"https:\/\/institutodelcorazon.com.pe\/#\/schema\/logo\/image\/"},"sameAs":["https:\/\/www.facebook.com\/clinicasantamarthadelsur\/","https:\/\/www.instagram.com\/red_sanpablo\/","https:\/\/www.youtube.com\/@red_sanpablo","https:\/\/www.tiktok.com\/@saludsanpablo"]}]}},"_links":{"self":[{"href":"https:\/\/institutodelcorazon.com.pe\/index.php\/wp-json\/wp\/v2\/pages\/2151","targetHints":{"allow":["GET"]}}],"collection":[{"href":"https:\/\/institutodelcorazon.com.pe\/index.php\/wp-json\/wp\/v2\/pages"}],"about":[{"href":"https:\/\/institutodelcorazon.com.pe\/index.php\/wp-json\/wp\/v2\/types\/page"}],"author":[{"embeddable":true,"href":"https:\/\/institutodelcorazon.com.pe\/index.php\/wp-json\/wp\/v2\/users\/1"}],"replies":[{"embeddable":true,"href":"https:\/\/institutodelcorazon.com.pe\/index.php\/wp-json\/wp\/v2\/comments?post=2151"}],"version-history":[{"count":9,"href":"https:\/\/institutodelcorazon.com.pe\/index.php\/wp-json\/wp\/v2\/pages\/2151\/revisions"}],"predecessor-version":[{"id":3973,"href":"https:\/\/institutodelcorazon.com.pe\/index.php\/wp-json\/wp\/v2\/pages\/2151\/revisions\/3973"}],"wp:attachment":[{"href":"https:\/\/institutodelcorazon.com.pe\/index.php\/wp-json\/wp\/v2\/media?parent=2151"}],"curies":[{"name":"wp","href":"https:\/\/api.w.org\/{rel}","templated":true}]}}