{"id":2140,"date":"2024-05-29T09:10:47","date_gmt":"2024-05-29T14:10:47","guid":{"rendered":"https:\/\/institutodelcorazon.com.pe?page_id=2140"},"modified":"2024-09-05T17:33:08","modified_gmt":"2024-09-05T22:33:08","slug":"cardiologia-nuclear","status":"publish","type":"page","link":"https:\/\/institutodelcorazon.com.pe\/index.php\/cardiologia-nuclear\/","title":{"rendered":"Cardiolog\u00eda Nuclear"},"content":{"rendered":"<p>[et_pb_section fb_built=\u00bb1&#8243; _builder_version=\u00bb4.27.0&#8243; _module_preset=\u00bbdefault\u00bb custom_padding=\u00bb19px|||||\u00bb da_disable_devices=\u00bboff|off|off\u00bb global_colors_info=\u00bb{}\u00bb da_is_popup=\u00bboff\u00bb da_exit_intent=\u00bboff\u00bb da_has_close=\u00bbon\u00bb da_alt_close=\u00bboff\u00bb da_dark_close=\u00bboff\u00bb da_not_modal=\u00bbon\u00bb da_is_singular=\u00bboff\u00bb da_with_loader=\u00bboff\u00bb da_has_shadow=\u00bbon\u00bb][et_pb_row _builder_version=\u00bb4.27.0&#8243; _module_preset=\u00bbdefault\u00bb width=\u00bb70%\u00bb width_tablet=\u00bb70%\u00bb width_phone=\u00bb90%\u00bb width_last_edited=\u00bbon|phone\u00bb max_width=\u00bb100%\u00bb global_colors_info=\u00bb{}\u00bb][et_pb_column type=\u00bb4_4&#8243; _builder_version=\u00bb4.27.0&#8243; _module_preset=\u00bbdefault\u00bb global_colors_info=\u00bb{}\u00bb][et_pb_text _builder_version=\u00bb4.27.0&#8243; _module_preset=\u00bbdefault\u00bb header_text_color=\u00bbgcid-primary-color\u00bb hover_enabled=\u00bb0&#8243; global_colors_info=\u00bb{%22gcid-primary-color%22:%91%22header_text_color%22%93}\u00bb sticky_enabled=\u00bb0&#8243; custom_margin=\u00bb||16px|||\u00bb]<\/p>\n<h1>Cardiolog\u00eda Nuclear<\/h1>\n<p>[\/et_pb_text][et_pb_text _builder_version=\u00bb4.27.0&#8243; _module_preset=\u00bbdefault\u00bb hover_enabled=\u00bb0&#8243; global_colors_info=\u00bb{}\u00bb custom_margin=\u00bb||17px|||\u00bb sticky_enabled=\u00bb0&#8243;]<\/p>\n<h2>Estudios con Radiois\u00f3topos &#8211; C\u00e1mara Gamma:<\/h2>\n<p>[\/et_pb_text][et_pb_text _builder_version=\u00bb4.27.0&#8243; _module_preset=\u00bbdefault\u00bb hover_enabled=\u00bb0&#8243; global_colors_info=\u00bb{}\u00bb custom_margin=\u00bb||13px|||\u00bb text_line_height=\u00bb24px\u00bb sticky_enabled=\u00bb0&#8243;]<\/p>\n<p><span>Es\u00a0 una sub- especialidad\u00a0 de la cardiolog\u00eda en la cual se\u00a0 utilizan sustancias llamadas radio-isotopos, que poseen energ\u00eda no visible\u00a0 a nuestros ojos, pero que si son detectadas por un equipo llamado C\u00e1mara Gamma, a trav\u00e9s de la cual se pueden realizar estudios para diagn\u00f3stico de todos los \u00f3rganos del cuerpo. En cardiolog\u00eda se utiliza como m\u00e9todo diagn\u00f3stico\u00a0 bajo distintas condiciones fisiol\u00f3gicas\u00a0 por ejemplo durante esfuerzo, en reposo\u00a0 bajo aplicaci\u00f3n de medicamentos con distintos objetivos\u00a0 especialmente para evaluar la irrigaci\u00f3n del m\u00fasculo cardiaco El creciente desarrollo tecnol\u00f3gico en computaci\u00f3n, en ciencias f\u00edsico-nucleares\u00a0 y en lo referente\u00a0 a los marcadores farmac\u00e9uticos han hecho posible que podamos \u201cver\u201d por ejemplo, el tama\u00f1o de un infarto, as\u00ed mismo gracias a esta tecnolog\u00eda podemos detectar precozmente cuando un paciente est\u00e1 en riesgo de padecer un infarto, cuantificar el tejido en riesgo\u00a0 y estratificar esto de modo tal que su cardi\u00f3logo cl\u00ednico pueda tomar acciones inmediatas para evitar que el paciente llegue a la terrible situaci\u00f3n de pasar por un cuadro agudo de infarto de miocardio. Se trata de una t\u00e9cnica segura, indolora y eficaz en cuanto al diagn\u00f3stico, no utiliza contraste\u00a0 y es capaz de terminar inclusive la vitalidad o viabilidad celular. Se utilizan radiois\u00f3topos como el Tecnecio\u00a0 99m, Talio 201, Galio, etc.<\/span><\/p>\n<p>[\/et_pb_text][et_pb_text _builder_version=\u00bb4.27.0&#8243; _module_preset=\u00bbdefault\u00bb hover_enabled=\u00bb0&#8243; global_colors_info=\u00bb{}\u00bb custom_margin=\u00bb||26px|||\u00bb text_line_height=\u00bb24px\u00bb sticky_enabled=\u00bb0&#8243;]<\/p>\n<p><span>Perfusi\u00f3n Miocardio: (G_SPECT) En reposos, esfuerzo o bajo aplicaci\u00f3n farmacol\u00f3gica para pacientes que no pueden realizar ejercicio f\u00edsico.Estudios principales con C\u00e1mara Gamma:<\/span><\/p>\n<ul>\n<li>Ventriculograf\u00eda isot\u00f3pica: De ventr\u00edculo izquierdo y derecho.<\/li>\n<li>Primer pasaje.<\/li>\n<li>Rastreo con Galio.<\/li>\n<\/ul>\n<p>[\/et_pb_text][et_pb_text _builder_version=\u00bb4.27.0&#8243; _module_preset=\u00bbdefault\u00bb global_colors_info=\u00bb{}\u00bb custom_margin=\u00bb||10px|||\u00bb]<\/p>\n<h2>Resonancia Magn\u00e9tica Nuclear Cardiaca<\/h2>\n<p>[\/et_pb_text][et_pb_text _builder_version=\u00bb4.27.0&#8243; _module_preset=\u00bbdefault\u00bb global_colors_info=\u00bb{}\u00bb]<\/p>\n<p><span>M\u00e9todo no invasivo, en el cual se utiliza un apartado que contiene un magneto gigante, unido a ondas de radiofrecuencia y tecnolog\u00eda de\u00a0 los sistemas de computaci\u00f3n \u00a0que\u00a0 guiadas por el electrocardiograma da lugar a la obtenci\u00f3n de im\u00e1genes muy precisas para el estudio de\u00a0 la forma, funci\u00f3n e irrigaci\u00f3n del coraz\u00f3n y vasos sangu\u00edneos\u00a0 en tres dimensiones. Asimismo es capaz de realizar el estudio y caracterizaci\u00f3n del tejido mioc\u00e1rdico para ayuda en el diagn\u00f3stico de cardiopat\u00edas muy complejas. Muy \u00fatil para determinaci\u00f3n de diagn\u00f3stico en toda patolog\u00eda cardiovascular como elemento de diagn\u00f3stico no invasivo a trav\u00e9s de la Angioresonancia Magn\u00e9tica Nuclear.<\/span><\/p>\n<p>[\/et_pb_text][et_pb_text _builder_version=\u00bb4.27.0&#8243; _module_preset=\u00bbdefault\u00bb global_colors_info=\u00bb{}\u00bb custom_margin=\u00bb||13px|||\u00bb]<\/p>\n<h2>Tomograf\u00eda Espiral Multicorte (TEM)<\/h2>\n<p>[\/et_pb_text][et_pb_text _builder_version=\u00bb4.27.0&#8243; _module_preset=\u00bbdefault\u00bb hover_enabled=\u00bb0&#8243; global_colors_info=\u00bb{}\u00bb text_line_height=\u00bb24px\u00bb sticky_enabled=\u00bb0&#8243;]<\/p>\n<p><span>Para\u00a0 aplicar este m\u00e9todo de diagn\u00f3stico\u00a0 se utiliza un Tom\u00f3grafo de alta resoluci\u00f3n Multicorte que permite estudios de alta precisi\u00f3n y rapidez, pudiendo por ejemplo visualizar con gran nitidez en forma no invasiva las arterias coronarias en toda su extensi\u00f3n y estudiarlas en todo su trayecto de modo que se puede determinar si estas\u00a0 est\u00e1n sanas o tienen alteraciones; sea cong\u00e9nito o adquirido, como obstrucciones ocasionadas por la arterioesclerosis.<\/span><\/p>\n<p>[\/et_pb_text][et_pb_text _builder_version=\u00bb4.27.0&#8243; _module_preset=\u00bbdefault\u00bb global_colors_info=\u00bb{}\u00bb custom_margin=\u00bb||10px|||\u00bb]<\/p>\n<h2>Angiograf\u00eda Coronaria por ANGIOTEM<\/h2>\n<p>[\/et_pb_text][et_pb_text _builder_version=\u00bb4.27.0&#8243; _module_preset=\u00bbdefault\u00bb global_colors_info=\u00bb{}\u00bb]<\/p>\n<p><span>Con definici\u00f3n muy precisa\u00a0 Tridimensional y a color muestra las estructuras del coraz\u00f3n y tiene la gran ventaja de disponer de un m\u00e9todo no invasivo para ver las arterias coronarias con mucha precisi\u00f3n.<\/span><\/p>\n<p>[\/et_pb_text][\/et_pb_column][\/et_pb_row][\/et_pb_section]<\/p>\n","protected":false},"excerpt":{"rendered":"<p>Cardiolog\u00eda NuclearEstudios con Radiois\u00f3topos &#8211; C\u00e1mara Gamma:Es\u00a0 una sub- especialidad\u00a0 de la cardiolog\u00eda en la cual se\u00a0 utilizan sustancias llamadas radio-isotopos, que poseen energ\u00eda no visible\u00a0 a nuestros ojos, pero que si son detectadas por un equipo llamado C\u00e1mara Gamma, a trav\u00e9s de la cual se pueden realizar estudios para diagn\u00f3stico de todos los \u00f3rganos del cuerpo. En cardiolog\u00eda se utiliza como m\u00e9todo diagn\u00f3stico\u00a0 bajo distintas condiciones fisiol\u00f3gicas\u00a0 por ejemplo durante esfuerzo, en reposo\u00a0 bajo aplicaci\u00f3n de medicamentos con distintos objetivos\u00a0 especialmente para evaluar la irrigaci\u00f3n del m\u00fasculo cardiaco El creciente desarrollo tecnol\u00f3gico en computaci\u00f3n, en ciencias f\u00edsico-nucleares\u00a0 y en lo referente\u00a0 a los marcadores farmac\u00e9uticos han hecho posible que podamos \u201cver\u201d por ejemplo, el tama\u00f1o de un infarto, as\u00ed mismo gracias a esta tecnolog\u00eda podemos detectar precozmente cuando un paciente est\u00e1 en riesgo de padecer un infarto, cuantificar el tejido en riesgo\u00a0 y estratificar esto de modo tal que su cardi\u00f3logo cl\u00ednico pueda tomar acciones inmediatas para evitar que el paciente llegue a la terrible situaci\u00f3n de pasar por un cuadro agudo de infarto de miocardio. Se trata de una t\u00e9cnica segura, indolora y eficaz en cuanto al diagn\u00f3stico, no utiliza contraste\u00a0 y es capaz de terminar inclusive la [&hellip;]<\/p>\n","protected":false},"author":1,"featured_media":0,"parent":0,"menu_order":0,"comment_status":"closed","ping_status":"closed","template":"","meta":{"_et_pb_use_builder":"on","_et_pb_old_content":"","_et_gb_content_width":"","footnotes":""},"class_list":["post-2140","page","type-page","status-publish","hentry"],"yoast_head":"<!-- This site is optimized with the Yoast SEO plugin v26.8 - https:\/\/yoast.com\/product\/yoast-seo-wordpress\/ -->\n<title>Cardiolog\u00eda Nuclear | Instituto del Coraz\u00f3n - San Pablo<\/title>\n<meta name=\"robots\" content=\"index, follow, max-snippet:-1, max-image-preview:large, max-video-preview:-1\" \/>\n<link rel=\"canonical\" href=\"https:\/\/institutodelcorazon.com.pe\/index.php\/cardiologia-nuclear\/\" \/>\n<meta property=\"og:locale\" content=\"es_ES\" \/>\n<meta property=\"og:type\" content=\"article\" \/>\n<meta property=\"og:title\" content=\"Cardiolog\u00eda Nuclear | Instituto del Coraz\u00f3n - San Pablo\" \/>\n<meta property=\"og:description\" content=\"Cardiolog\u00eda NuclearEstudios con Radiois\u00f3topos - C\u00e1mara Gamma:Es\u00a0 una sub- especialidad\u00a0 de la cardiolog\u00eda en la cual se\u00a0 utilizan sustancias llamadas radio-isotopos, que poseen energ\u00eda no visible\u00a0 a nuestros ojos, pero que si son detectadas por un equipo llamado C\u00e1mara Gamma, a trav\u00e9s de la cual se pueden realizar estudios para diagn\u00f3stico de todos los \u00f3rganos del cuerpo. En cardiolog\u00eda se utiliza como m\u00e9todo diagn\u00f3stico\u00a0 bajo distintas condiciones fisiol\u00f3gicas\u00a0 por ejemplo durante esfuerzo, en reposo\u00a0 bajo aplicaci\u00f3n de medicamentos con distintos objetivos\u00a0 especialmente para evaluar la irrigaci\u00f3n del m\u00fasculo cardiaco El creciente desarrollo tecnol\u00f3gico en computaci\u00f3n, en ciencias f\u00edsico-nucleares\u00a0 y en lo referente\u00a0 a los marcadores farmac\u00e9uticos han hecho posible que podamos \u201cver\u201d por ejemplo, el tama\u00f1o de un infarto, as\u00ed mismo gracias a esta tecnolog\u00eda podemos detectar precozmente cuando un paciente est\u00e1 en riesgo de padecer un infarto, cuantificar el tejido en riesgo\u00a0 y estratificar esto de modo tal que su cardi\u00f3logo cl\u00ednico pueda tomar acciones inmediatas para evitar que el paciente llegue a la terrible situaci\u00f3n de pasar por un cuadro agudo de infarto de miocardio. Se trata de una t\u00e9cnica segura, indolora y eficaz en cuanto al diagn\u00f3stico, no utiliza contraste\u00a0 y es capaz de terminar inclusive la [&hellip;]\" \/>\n<meta property=\"og:url\" content=\"https:\/\/institutodelcorazon.com.pe\/index.php\/cardiologia-nuclear\/\" \/>\n<meta property=\"og:site_name\" content=\"Instituto del Coraz\u00f3n - San Pablo\" \/>\n<meta property=\"article:publisher\" content=\"https:\/\/www.facebook.com\/clinicasantamarthadelsur\/\" \/>\n<meta property=\"article:modified_time\" content=\"2024-09-05T22:33:08+00:00\" \/>\n<meta name=\"twitter:card\" content=\"summary_large_image\" \/>\n<meta name=\"twitter:label1\" content=\"Tiempo de lectura\" \/>\n\t<meta name=\"twitter:data1\" content=\"4 minutos\" \/>\n<script type=\"application\/ld+json\" class=\"yoast-schema-graph\">{\"@context\":\"https:\/\/schema.org\",\"@graph\":[{\"@type\":\"WebPage\",\"@id\":\"https:\/\/institutodelcorazon.com.pe\/index.php\/cardiologia-nuclear\/\",\"url\":\"https:\/\/institutodelcorazon.com.pe\/index.php\/cardiologia-nuclear\/\",\"name\":\"Cardiolog\u00eda Nuclear | Instituto del Coraz\u00f3n - San Pablo\",\"isPartOf\":{\"@id\":\"https:\/\/institutodelcorazon.com.pe\/#website\"},\"datePublished\":\"2024-05-29T14:10:47+00:00\",\"dateModified\":\"2024-09-05T22:33:08+00:00\",\"breadcrumb\":{\"@id\":\"https:\/\/institutodelcorazon.com.pe\/index.php\/cardiologia-nuclear\/#breadcrumb\"},\"inLanguage\":\"es\",\"potentialAction\":[{\"@type\":\"ReadAction\",\"target\":[\"https:\/\/institutodelcorazon.com.pe\/index.php\/cardiologia-nuclear\/\"]}]},{\"@type\":\"BreadcrumbList\",\"@id\":\"https:\/\/institutodelcorazon.com.pe\/index.php\/cardiologia-nuclear\/#breadcrumb\",\"itemListElement\":[{\"@type\":\"ListItem\",\"position\":1,\"name\":\"Portada\",\"item\":\"https:\/\/institutodelcorazon.com.pe\/\"},{\"@type\":\"ListItem\",\"position\":2,\"name\":\"Cardiolog\u00eda Nuclear\"}]},{\"@type\":\"WebSite\",\"@id\":\"https:\/\/institutodelcorazon.com.pe\/#website\",\"url\":\"https:\/\/institutodelcorazon.com.pe\/\",\"name\":\"Instituto del Coraz\u00f3n - San Pablo\",\"description\":\"\",\"publisher\":{\"@id\":\"https:\/\/institutodelcorazon.com.pe\/#organization\"},\"potentialAction\":[{\"@type\":\"SearchAction\",\"target\":{\"@type\":\"EntryPoint\",\"urlTemplate\":\"https:\/\/institutodelcorazon.com.pe\/?s={search_term_string}\"},\"query-input\":{\"@type\":\"PropertyValueSpecification\",\"valueRequired\":true,\"valueName\":\"search_term_string\"}}],\"inLanguage\":\"es\"},{\"@type\":\"Organization\",\"@id\":\"https:\/\/institutodelcorazon.com.pe\/#organization\",\"name\":\"Cl\u00ednica Santa Martha del Sur\",\"url\":\"https:\/\/institutodelcorazon.com.pe\/\",\"logo\":{\"@type\":\"ImageObject\",\"inLanguage\":\"es\",\"@id\":\"https:\/\/institutodelcorazon.com.pe\/#\/schema\/logo\/image\/\",\"url\":\"\",\"contentUrl\":\"\",\"caption\":\"Cl\u00ednica Santa Martha del Sur\"},\"image\":{\"@id\":\"https:\/\/institutodelcorazon.com.pe\/#\/schema\/logo\/image\/\"},\"sameAs\":[\"https:\/\/www.facebook.com\/clinicasantamarthadelsur\/\",\"https:\/\/www.instagram.com\/red_sanpablo\/\",\"https:\/\/www.youtube.com\/@red_sanpablo\",\"https:\/\/www.tiktok.com\/@saludsanpablo\"]}]}<\/script>\n<!-- \/ Yoast SEO plugin. -->","yoast_head_json":{"title":"Cardiolog\u00eda Nuclear | Instituto del Coraz\u00f3n - San Pablo","robots":{"index":"index","follow":"follow","max-snippet":"max-snippet:-1","max-image-preview":"max-image-preview:large","max-video-preview":"max-video-preview:-1"},"canonical":"https:\/\/institutodelcorazon.com.pe\/index.php\/cardiologia-nuclear\/","og_locale":"es_ES","og_type":"article","og_title":"Cardiolog\u00eda Nuclear | Instituto del Coraz\u00f3n - San Pablo","og_description":"Cardiolog\u00eda NuclearEstudios con Radiois\u00f3topos - C\u00e1mara Gamma:Es\u00a0 una sub- especialidad\u00a0 de la cardiolog\u00eda en la cual se\u00a0 utilizan sustancias llamadas radio-isotopos, que poseen energ\u00eda no visible\u00a0 a nuestros ojos, pero que si son detectadas por un equipo llamado C\u00e1mara Gamma, a trav\u00e9s de la cual se pueden realizar estudios para diagn\u00f3stico de todos los \u00f3rganos del cuerpo. En cardiolog\u00eda se utiliza como m\u00e9todo diagn\u00f3stico\u00a0 bajo distintas condiciones fisiol\u00f3gicas\u00a0 por ejemplo durante esfuerzo, en reposo\u00a0 bajo aplicaci\u00f3n de medicamentos con distintos objetivos\u00a0 especialmente para evaluar la irrigaci\u00f3n del m\u00fasculo cardiaco El creciente desarrollo tecnol\u00f3gico en computaci\u00f3n, en ciencias f\u00edsico-nucleares\u00a0 y en lo referente\u00a0 a los marcadores farmac\u00e9uticos han hecho posible que podamos \u201cver\u201d por ejemplo, el tama\u00f1o de un infarto, as\u00ed mismo gracias a esta tecnolog\u00eda podemos detectar precozmente cuando un paciente est\u00e1 en riesgo de padecer un infarto, cuantificar el tejido en riesgo\u00a0 y estratificar esto de modo tal que su cardi\u00f3logo cl\u00ednico pueda tomar acciones inmediatas para evitar que el paciente llegue a la terrible situaci\u00f3n de pasar por un cuadro agudo de infarto de miocardio. Se trata de una t\u00e9cnica segura, indolora y eficaz en cuanto al diagn\u00f3stico, no utiliza contraste\u00a0 y es capaz de terminar inclusive la [&hellip;]","og_url":"https:\/\/institutodelcorazon.com.pe\/index.php\/cardiologia-nuclear\/","og_site_name":"Instituto del Coraz\u00f3n - San Pablo","article_publisher":"https:\/\/www.facebook.com\/clinicasantamarthadelsur\/","article_modified_time":"2024-09-05T22:33:08+00:00","twitter_card":"summary_large_image","twitter_misc":{"Tiempo de lectura":"4 minutos"},"schema":{"@context":"https:\/\/schema.org","@graph":[{"@type":"WebPage","@id":"https:\/\/institutodelcorazon.com.pe\/index.php\/cardiologia-nuclear\/","url":"https:\/\/institutodelcorazon.com.pe\/index.php\/cardiologia-nuclear\/","name":"Cardiolog\u00eda Nuclear | Instituto del Coraz\u00f3n - San Pablo","isPartOf":{"@id":"https:\/\/institutodelcorazon.com.pe\/#website"},"datePublished":"2024-05-29T14:10:47+00:00","dateModified":"2024-09-05T22:33:08+00:00","breadcrumb":{"@id":"https:\/\/institutodelcorazon.com.pe\/index.php\/cardiologia-nuclear\/#breadcrumb"},"inLanguage":"es","potentialAction":[{"@type":"ReadAction","target":["https:\/\/institutodelcorazon.com.pe\/index.php\/cardiologia-nuclear\/"]}]},{"@type":"BreadcrumbList","@id":"https:\/\/institutodelcorazon.com.pe\/index.php\/cardiologia-nuclear\/#breadcrumb","itemListElement":[{"@type":"ListItem","position":1,"name":"Portada","item":"https:\/\/institutodelcorazon.com.pe\/"},{"@type":"ListItem","position":2,"name":"Cardiolog\u00eda Nuclear"}]},{"@type":"WebSite","@id":"https:\/\/institutodelcorazon.com.pe\/#website","url":"https:\/\/institutodelcorazon.com.pe\/","name":"Instituto del Coraz\u00f3n - San Pablo","description":"","publisher":{"@id":"https:\/\/institutodelcorazon.com.pe\/#organization"},"potentialAction":[{"@type":"SearchAction","target":{"@type":"EntryPoint","urlTemplate":"https:\/\/institutodelcorazon.com.pe\/?s={search_term_string}"},"query-input":{"@type":"PropertyValueSpecification","valueRequired":true,"valueName":"search_term_string"}}],"inLanguage":"es"},{"@type":"Organization","@id":"https:\/\/institutodelcorazon.com.pe\/#organization","name":"Cl\u00ednica Santa Martha del Sur","url":"https:\/\/institutodelcorazon.com.pe\/","logo":{"@type":"ImageObject","inLanguage":"es","@id":"https:\/\/institutodelcorazon.com.pe\/#\/schema\/logo\/image\/","url":"","contentUrl":"","caption":"Cl\u00ednica Santa Martha del Sur"},"image":{"@id":"https:\/\/institutodelcorazon.com.pe\/#\/schema\/logo\/image\/"},"sameAs":["https:\/\/www.facebook.com\/clinicasantamarthadelsur\/","https:\/\/www.instagram.com\/red_sanpablo\/","https:\/\/www.youtube.com\/@red_sanpablo","https:\/\/www.tiktok.com\/@saludsanpablo"]}]}},"_links":{"self":[{"href":"https:\/\/institutodelcorazon.com.pe\/index.php\/wp-json\/wp\/v2\/pages\/2140","targetHints":{"allow":["GET"]}}],"collection":[{"href":"https:\/\/institutodelcorazon.com.pe\/index.php\/wp-json\/wp\/v2\/pages"}],"about":[{"href":"https:\/\/institutodelcorazon.com.pe\/index.php\/wp-json\/wp\/v2\/types\/page"}],"author":[{"embeddable":true,"href":"https:\/\/institutodelcorazon.com.pe\/index.php\/wp-json\/wp\/v2\/users\/1"}],"replies":[{"embeddable":true,"href":"https:\/\/institutodelcorazon.com.pe\/index.php\/wp-json\/wp\/v2\/comments?post=2140"}],"version-history":[{"count":16,"href":"https:\/\/institutodelcorazon.com.pe\/index.php\/wp-json\/wp\/v2\/pages\/2140\/revisions"}],"predecessor-version":[{"id":3980,"href":"https:\/\/institutodelcorazon.com.pe\/index.php\/wp-json\/wp\/v2\/pages\/2140\/revisions\/3980"}],"wp:attachment":[{"href":"https:\/\/institutodelcorazon.com.pe\/index.php\/wp-json\/wp\/v2\/media?parent=2140"}],"curies":[{"name":"wp","href":"https:\/\/api.w.org\/{rel}","templated":true}]}}